{"id":173,"date":"2012-02-14T23:22:09","date_gmt":"2012-02-15T02:22:09","guid":{"rendered":"http:\/\/cdlsurubim.com.br\/site\/?page_id=173"},"modified":"2026-01-08T11:46:49","modified_gmt":"2026-01-08T14:46:49","slug":"calendario-de-feriados","status":"publish","type":"page","link":"https:\/\/cdlsurubim.com.br\/site\/calendario-de-feriados\/","title":{"rendered":"Calend\u00e1rio de Feriados 2026 v\u00e1lido para Surubim"},"content":{"rendered":"\n<p class=\"has-text-align-left\"><strong>FERIADOS 2026 &#8211; SURUBIM<\/strong><\/p>\n\n\n\n<p><strong>Janeiro<\/strong><\/p>\n\n\n\n<p>Dia 1 \u2013 Confraterniza\u00e7\u00e3o Universal<\/p>\n\n\n\n<p>Dia 20 \u2013 S\u00e3o Sebasti\u00e3o (Municipal)<\/p>\n\n\n\n<p><strong>Fevereiro<\/strong><\/p>\n\n\n\n<p>Dias: 16 e 17 Carnaval (Municipal)<\/p>\n\n\n\n<p><strong>Mar\u00e7o<\/strong><\/p>\n\n\n\n<p>Dia 06 \u2013 Data Magna de Pernambuco (Estadual)<\/p>\n\n\n\n<p>Dia 19 \u2013 S\u00e3o Jos\u00e9 Padroeiro da Cidade (Municipal)<\/p>\n\n\n\n<p><strong>Abril<\/strong><\/p>\n\n\n\n<p>Dia 03 \u2013 Sexta-feira Santa 2026 \u2013 Paix\u00e3o de Cristo<\/p>\n\n\n\n<p>Dia 21 \u2013 Tiradentes<\/p>\n\n\n\n<p><strong>Maio<\/strong><\/p>\n\n\n\n<p>Dia 1 \u2013 Dia do trabalhador<\/p>\n\n\n\n<p><strong>Junho<\/strong><\/p>\n\n\n\n<p>Dia 04 &#8211; Corpus Christi (Municipal)<\/p>\n\n\n\n<p><strong>Setembro<\/strong><\/p>\n\n\n\n<p>Dia 7 \u2013 Independ\u00eancia do Brasil<\/p>\n\n\n\n<p>Dia 11 \u2013 Emancipa\u00e7\u00e3o Pol\u00edtica (Municipal)<\/p>\n\n\n\n<p><strong>Outubro<\/strong><\/p>\n\n\n\n<p>Dia 12 \u2013 Nossa Sra. Aparecida<\/p>\n\n\n\n<p>Dia do Comerci\u00e1rio (data m\u00f3vel \u00e0 definir)<\/p>\n\n\n\n<p><strong>Novembro<\/strong><\/p>\n\n\n\n<p>Dia 2 \u2013 Finados<\/p>\n\n\n\n<p>Dia 15 \u2013 Proclama\u00e7\u00e3o da Rep\u00fablica<\/p>\n\n\n\n<p>Dia 20 &#8211; Dia Nacional de Zumbi e da Consci\u00eancia Negra (Nacional)<\/p>\n\n\n\n<p><strong>Dezembro<\/strong><\/p>\n\n\n\n<p class=\"has-text-align-left\">Dia 25 \u2013 Natal<\/p>\n","protected":false},"excerpt":{"rendered":"<p>FERIADOS 2026 &#8211; SURUBIM Janeiro Dia 1 \u2013 Confraterniza\u00e7\u00e3o Universal Dia 20 \u2013 S\u00e3o Sebasti\u00e3o (Municipal) Fevereiro Dias: 16 e 17 Carnaval (Municipal) Mar\u00e7o Dia 06 \u2013 Data Magna de Pernambuco (Estadual) Dia 19 \u2013 S\u00e3o Jos\u00e9 Padroeiro da Cidade (Municipal) Abril Dia 03 \u2013 Sexta-feira Santa [&hellip;]<\/p>\n","protected":false},"author":1,"featured_media":0,"parent":0,"menu_order":0,"comment_status":"closed","ping_status":"open","template":"","meta":{"footnotes":""},"class_list":["post-173","page","type-page","status-publish","hentry"],"_links":{"self":[{"href":"https:\/\/cdlsurubim.com.br\/site\/wp-json\/wp\/v2\/pages\/173","targetHints":{"allow":["GET"]}}],"collection":[{"href":"https:\/\/cdlsurubim.com.br\/site\/wp-json\/wp\/v2\/pages"}],"about":[{"href":"https:\/\/cdlsurubim.com.br\/site\/wp-json\/wp\/v2\/types\/page"}],"author":[{"embeddable":true,"href":"https:\/\/cdlsurubim.com.br\/site\/wp-json\/wp\/v2\/users\/1"}],"replies":[{"embeddable":true,"href":"https:\/\/cdlsurubim.com.br\/site\/wp-json\/wp\/v2\/comments?post=173"}],"version-history":[{"count":23,"href":"https:\/\/cdlsurubim.com.br\/site\/wp-json\/wp\/v2\/pages\/173\/revisions"}],"predecessor-version":[{"id":3691,"href":"https:\/\/cdlsurubim.com.br\/site\/wp-json\/wp\/v2\/pages\/173\/revisions\/3691"}],"wp:attachment":[{"href":"https:\/\/cdlsurubim.com.br\/site\/wp-json\/wp\/v2\/media?parent=173"}],"curies":[{"name":"wp","href":"https:\/\/api.w.org\/{rel}","templated":true}]}}

Calendário de Feriados 2026 válido para Surubim

<p class="has-text-align-left"><strong>FERIADOS 2026 &#8211; SURUBIM</strong></p>



<p><strong>Janeiro</strong></p>



<p>Dia 1 – Confraternização Universal</p>



<p>Dia 20 – São Sebastião (Municipal)</p>



<p><strong>Fevereiro</strong></p>



<p>Dias: 16 e 17 Carnaval (Municipal)</p>



<p><strong>Março</strong></p>



<p>Dia 06 – Data Magna de Pernambuco (Estadual)</p>



<p>Dia 19 – São José Padroeiro da Cidade (Municipal)</p>



<p><strong>Abril</strong></p>



<p>Dia 03 – Sexta-feira Santa 2026 – Paixão de Cristo</p>



<p>Dia 21 – Tiradentes</p>



<p><strong>Maio</strong></p>



<p>Dia 1 – Dia do trabalhador</p>



<p><strong>Junho</strong></p>



<p>Dia 04 &#8211; Corpus Christi (Municipal)</p>



<p><strong>Setembro</strong></p>



<p>Dia 7 – Independência do Brasil</p>



<p>Dia 11 – Emancipação Política (Municipal)</p>



<p><strong>Outubro</strong></p>



<p>Dia 12 – Nossa Sra. Aparecida</p>



<p>Dia do Comerciário (data móvel à definir)</p>



<p><strong>Novembro</strong></p>



<p>Dia 2 – Finados</p>



<p>Dia 15 – Proclamação da República</p>



<p>Dia 20 &#8211; Dia Nacional de Zumbi e da Consciência Negra (Nacional)</p>



<p><strong>Dezembro</strong></p>



<p class="has-text-align-left">Dia 25 – Natal</p>

<p>FERIADOS 2026 &#8211; SURUBIM Janeiro Dia 1 – Confraternização Universal Dia 20 – São Sebastião (Municipal) Fevereiro Dias: 16 e 17 Carnaval (Municipal) Março Dia 06 – Data Magna de Pernambuco (Estadual) Dia 19 – São José Padroeiro da Cidade (Municipal) Abril Dia 03 – Sexta-feira Santa [&hellip;]</p>
